Let y = 10141 + 23352. Is y composite?
False
Suppose -2*l + 47 + 61 = 2*q, 5*q - 3*l = 302. Let b = 391 - q. Suppose -4*z - 49 = -b. Is z composite?
False
Is ((-56)/112)/((-1)/85454) a prime number?
True
Let f(x) = 29*x**2 + 45*x - 56. Let r(q) = 10*q**2 + 15*q - 19. Let u(l) = 6*f(l) - 17*r(l). Let j be u(10). Suppose -5*d = -418 - j. Is d prime?
True
Let s = -9 + 3. Let j = 11 + s. Suppose -j*w + 46 = -3*w. Is w prime?
True
Let g(n) = 3*n**3 + 4*n**2 - 3*n - 11. Is g(10) a prime number?
True
Let z(k) = k + 8. Let i be z(-8). Suppose -4*o = -5 - 15. Suppose -o*a + 2*a + 291 = i. Is a prime?
True
Let f(q) = -q**3 - 2*q**2 - 4*q - 2. Let j be f(-2). Suppose j*w - 626 = 250. Is w composite?
True
Let p = -1842 + 3271. Suppose 6*s = 4993 - p. Suppose -4*t = -122 - s. Is t a prime number?
True
Let n(g) = -98*g - 176. Let z be n(-13). Suppose 5 = -3*b + 4*b. Suppose 2*d - 1366 = -b*o, 0*d = 4*o - d - z. Is o a composite number?
True
Let j = -22 + 29. Let o(a) = 32*a**2 - 2*a + 7. Is o(j) prime?
False
Suppose -u + 2000 + 2201 = 0. Is u a prime number?
True
Let p(c) = 39*c**2 + 18*c - 14. Let o be p(-13). Let t = o + -4278. Suppose -4*g + t = g. Is g composite?
True
Suppose -3*s + 2*u = -72573, -13*s + 2*u = -8*s - 120955. Is s prime?
False
Let g(r) = 3*r - 9. Suppose 3*j = -a + 20, 2*a - 35 = -8*j + 3*j. Let s be g(j). Is (-4887)/(-6) - (-3)/s prime?
False
Suppose -3*b - 102 = -t, 3*t = 2*t + 4*b + 103. Let l(p) = 3*p**2 - p - 2. Let k be l(-3). Let z = t + k. Is z a prime number?
True
Let z(m) = m**3 - 7*m**2 + 6*m + 5. Let i be z(6). Suppose -741 = -2*w - 2*d + 2567, -i*d = 4*w - 6621. Is w prime?
False
Let o(l) = l**2 - 5*l + 9. Let m be o(4). Suppose 1 + 9 = m*h, 4*j - 4*h - 592 = 0. Suppose j + 61 = g. Is g composite?
False
Let j = 1150 - 786. Let f = 15 + j. Is f composite?
False
Let q = -13 - -17. Suppose -2*i + 171 = i + 4*z, i - 65 = -q*z. Is i a composite number?
False
Suppose 5*i - 5 - 45 = 0. Suppose -5*w + i*w = 1790. Is 3*w/(-12)*-2 a prime number?
True
Suppose 22*z - 28*z = -29442. Is z a prime number?
False
Let r(c) = 781*c**3 - c**2 + 3*c - 5. Is r(2) composite?
True
Is ((-63)/(-15) - 4) + 2588/10 a composite number?
True
Is 3007 + 3*36/27 a composite number?
False
Let c(l) = 3*l**3 - 4*l**2 + 7*l + 9. Let y(f) = 2*f**3 - 3*f**2 + 6*f + 8. Let x(z) = 4*c(z) - 5*y(z). Let h = 4 + 1. Is x(h) a composite number?
False
Suppose -15*h + 10*h + 2*c = -317847, 1 = -c. Is h composite?
True
Let t = -157 - -301. Let y = t - -81. Suppose 0 = 4*r - p - 297, r - 3*p - y = -2*r. Is r prime?
False
Let d(p) = -3*p**2 - 4*p + 3. Let u be d(10). Let m = 1374 + u. Suppose -3*j - 434 = -m. Is j a prime number?
False
Suppose -16*g + 17*g = -1769. Let r = g - -2886. Is r prime?
True
Suppose -4*q = -3*b - 20808, -2*q + 7*q - 2*b = 26003. Is q a composite number?
True
Let u(z) = -z + 1003. Is u(0) a composite number?
True
Suppose 3*g = -3*u + 270, 7 = 4*u - 13. Is g composite?
True
Let s(j) = j**3 - 2*j**2 - 13*j + 6. Let m be s(5). Suppose -3*p + 7 + 20 = 2*y, y - m = p. Suppose 17*i = y*i + 26. Is i a composite number?
False
Suppose -7*p = -3*p - 16344. Suppose 2*m - 218 = v + p, 4308 = 2*m + v. Is m composite?
False
Suppose -2*q - 4*r + 1766 = 0, -14*q = -11*q + 3*r - 2640. Is q prime?
True
Suppose h + 3 + 7 = 2*k, -3*h + 47 = 5*k. Let d(o) = -o**3 + 8*o**2 + 8*o + 1. Is d(k) a prime number?
False
Let l = -110 + 781. Is l composite?
True
Suppose z - 7*m + 5*m = 339, 5*z + 2*m = 1683. Is z composite?
False
Suppose l + 0*l - g - 73075 = 0, 2*l + 3*g = 146170. Is l a composite number?
False
Is (-9 + 18 - -1348)*(2 + -1) composite?
True
Suppose 5*i - 3*v = 6911, 10 = -3*v - 2*v. Is i a prime number?
True
Suppose 412835 = 63*z - 192028. Is z prime?
True
Let p = 28 + -14. Suppose -66 + p = -4*f. Suppose 8*y = f*y - 1865. Is y a composite number?
False
Suppose -2*p + 4*s = -0 - 14, -2*p + 3*s = -12. Suppose -p*y - 985 = -2*d, -y - 3*y + 1920 = 4*d. Is d a composite number?
True
Let t(l) = 7*l**2 + l - 4. Let y be (-248)/(-20) + (-4)/10. Suppose 3*b + 0*b = y, 0 = 2*k - 3*b. Is t(k) prime?
False
Let p = 233 - -221. Let q = p - 314. Suppose 3*z - q = -z. Is z composite?
True
Suppose 0 = -3*c - 296 + 2396. Suppose -d = -3*m - c, 4*d - 2752 = -4*m - 0*m. Is d prime?
True
Let w be 9/15 + 42/5. Suppose -10*a = -w*a - 134. Is a prime?
False
Let o(k) = 5954*k**2 - 7*k - 2. Is o(-1) composite?
True
Let c be 44/198 + (-10732)/18. Let g = 1517 + c. Is g a prime number?
False
Suppose 5*w + 17 + 3 = 3*o, -5*o = 2*w + 8. Let b(j) = -j**3 - 3*j**2 + 4*j + 5. Let n be b(w). Suppose -2*k - 4*c - 4981 = -n*k, 4 = -c. Is k prime?
False
Suppose -38 = -r + 13. Suppose -53*w = -r*w - 6794. Is w prime?
False
Let t = -571 - -1044. Suppose 5*c = -88 + t. Is c a composite number?
True
Suppose -50*q - 338932 + 1485782 = 0. Is q composite?
False
Let c(z) = -89*z + 55. Suppose 0 = 5*v - 3*w + 8*w + 100, -w = -5*v - 88. Is c(v) composite?
False
Suppose -6*t - 3 = 15. Is t*-1354*(-2)/(-12) prime?
True
Let a(q) = -1579*q**2 - 3*q - 3. Let d be a(-1). Let u = d - -3380. Is u a composite number?
False
Suppose 0*t + 2*z + 15 = t, 0 = -3*t - 2*z + 5. Suppose -m + 2081 = t*a - 147, -9 = -3*m. Is a prime?
False
Let l(k) = 1081*k - 37. Is l(6) composite?
False
Let x(w) = -2*w**3 + 6*w**2 + 7*w + 8. Let g be x(-5). Let t = g + 190. Is t composite?
False
Is (-2)/(19/((-201818)/4)) composite?
True
Suppose -2*d = -m + 3563, -m + 3566 = 9*d - 12*d. Is m prime?
True
Suppose -2*l + 313 = -1. Let y be (-8)/(-6) + (-6576)/(-36). Let g = l + y. Is g prime?
False
Let u(g) = 28*g**3 - 9*g**2 + 24*g - 2. Is u(7) a prime number?
False
Let a(p) = p**2 - 2*p - 2. Let j be a(-1). Let x(g) = 2*g**3 + 2*g**2 - 1. Is x(j) prime?
True
Is 7793 - ((-16)/12)/(6/(-18)) a prime number?
True
Is 0 + (2 - 5) + (-336084)/(-21) a composite number?
False
Let c = -9579 - -14078. Is c a prime number?
False
Suppose 5*a - 27251 = 5*c + 70489, -3*a - 5*c = -58636. Is a prime?
False
Let j(c) = 5*c + 2. Let a(o) = -o**3 + 6*o**2 + o - 2. Let h be a(6). Suppose 3*u = d + 4*u - h, -4*u - 40 = -4*d. Is j(d) prime?
True
Suppose -4*s + 49294 = -i, 3*s + 3*i = 7259 + 29704. Is s prime?
True
Let k = 31489 + -36. Is k a composite number?
True
Let p(q) = 74*q - 1. Let n be p(-8). Let j = n + 1347. Is (9 - 7)/(4/j) composite?
True
Let h(v) = 3*v**3 + 0*v + 1 - 4*v - 4*v**2 + 0*v**3. Is h(4) a prime number?
True
Let p(i) = -i**3 + 15*i**2 + 3*i - 19. Let d be p(15). Suppose 2*c - 27 = -c - u, -2*u = 0. Suppose d = 5*v - c. Is v prime?
True
Let z(r) = r**3 - 9*r**2 + 7*r + 11. Let q be z(8). Let a be (0 + q)*(79 - -4). Suppose -a = -4*y + y. Is y prime?
True
Suppose -4*z + 300 = 104. Suppose -5*f = -2*p + 774, 2*p - 4*f - 721 = z. Is p a composite number?
True
Let t be (-758)/((7 + -2)*2/(-5)). Suppose s = 5*s + 2*x - 504, 3*s + x - t = 0. Is s a composite number?
False
Is ((1 - 0) + -8)*213450/(-525) a composite number?
True
Suppose 0 = 8*r + 5583 - 20679. Suppose 4*j - j = r. Is j composite?
True
Let n(a) = a**2 + 9*a - 19. Let h be n(-11). Suppose 5*t - 170 = 5*g, -4*t - h*g - 2*g = -172. Is t a composite number?
True
Let a(o) = 5*o**2 - 7*o - 15. Let c be a(8). Let n = c + -122. Is n a prime number?
True
Suppose 3 + 1 = -v. Let a = 7 + v. Suppose 0 = t - 4*o - 0 - 13, 63 = a*t - 4*o. Is t composite?
True
Let h(y) = 15*y - 21. Let s be h(7). Suppose -s + 1126 = 2*a. Is a composite?
False
Suppose 2*g - 91103 = -2*q + 6787, -5*q - 3*g + 244729 = 0. Is q composite?
False
Suppose -21*b + 228 = -17*b. Suppose -2*i - 2*i - b = -f, 3*i - 78 = -f. Is f a prime number?
False
Is 56510 - (-28)/16*4 composite?
True
Let y = 15 + 3. Suppose 0 = 5*j + 8 - y. Suppose r - j*r + 505 = 0. Is r a composite number?
True
Let x(n) = n**3 - 4*n**2 + 3*n + 3. Let o be x(3). Suppose 4*i + 2 - 17 = -r, -3*i - 75 = -5*r. Suppose o*c - 27 = r. Is c a prime number?
False
Suppose -3*b + 4*x + 36 = 0, b - 2*x + 1 = -5*x. Let a(u) be the second derivative of u**3/6 - 2*u**2 - u. Is a(b) composite?
True
Let j = -3717 - -8044. Is j composite?
False
Let m(j) = 5*j**3 - 4*j**2 - 4*j - 5. Suppose -33 = 3*v - 3*t, -5*v - 2*t - 61 = -t. Let c be (8 + v)*(-2)/2. Is m(c) a composite number?
True
Let p = 17 - 14. Suppose -185 = -5*w - 5*v, 2*v + 109 = p*w + 4*v. Suppose 7 = 3*r - w. I